when 180 is divided by i?
54
Let t(q) = 2*q**3 - 13*q**2 - 32*q + 203. What is the remainder when 833 is divided by t(8)?
138
Let j(l) = l**2 + 11*l - 16. Let q be j(-12). Let g be 252/(-18)*q/14. Suppose p = -k + 9, 5*p - 1 + g = 3*k. What is the remainder when 11 is divided by k?
5
Suppose 842 - 10638 = -79*t. What is the remainder when 4335 is divided by t?
119
Let t be (-63738)/(-14) - (-16)/280*5. Suppose t - 553 = 32*p. Calculate the remainder when p is divided by 15.
5
Suppose -47 = -4*v + 53. Suppose -3*k = 3*f - 39, 0 = -2*k - f - 0*f + v. Suppose 0 = 120*c + 17 - 2388 - 4349. What is the remainder when c is divided by k?
8
Suppose -79*c + 83*c = 24. Suppose 0*k = -5*h + 4*k - 82, 2*k + 4 = 0. What is the remainder when (354/h)/(2/(-6)) is divided by c?
5
Let y(x) be the second derivative of -1/12*x**4 - 3*x**2 - 29*x + 13/6*x**3 + 0. Calculate the remainder when 26 is divided by y(11).
10
Let n = 71 + -68. Suppose 5*f = n*f + 72. Suppose 5*w - f = -4*w. What is the remainder when 13 is divided by w?
1
Calculate the remainder when (-1)/((-10)/391) - 462/4620 is divided by 37.
2
Let l(k) = -23*k - 209. What is the remainder when 659 is divided by l(-11)?
43
Let z = -41 - -45. Suppose -z*f - 5*f + 396 = 0. Let v = -32 + 55. Calculate the remainder when f is divided by v.
21
Let h = 5831 + -5823. Calculate the remainder when 2991 is divided by h.
7
Let r be (1078/(-28))/((-2)/(-4)). Let h = r - -113. What is the remainder when 94 is divided by h?
22
Let v(q) = -20*q**2 - 442*q + 22. Calculate the remainder when 336 is divided by v(-22).
6
Let g(i) = 5*i**2 + 39*i + 21. Let s = -251 + 239. What is the remainder when g(s) is divided by 46?
43
Suppose 85*o = -82*o + 2505. Calculate the remainder when 313 is divided by o.
13
Let w(m) = -m**3 + 20*m**2 - 36*m + 7. Let p(g) = -18*g - 23. Let t be p(-5). Let r = t - 52. Calculate the remainder when r is divided by w(18).
1
Let x(q) be the second derivative of -q**5/20 + 2*q**4/3 + 7*q**3/3 - 5*q**2/2 + 2*q + 1. What is the remainder when x(6) is divided by 27?
16
Let b(u) = 2*u**3 - 37*u**2 - 34*u + 325. Calculate the remainder when 639 is divided by b(19).
39
Let a be -481 + (-78)/(-6) + -8. Let f = 620 + a. Let z = -7 + 44. Calculate the remainder when f is divided by z.
33
Let h = -8941 - -8970. Calculate the remainder when h is divided by 9.
2
Let i be (-3126)/15 + 2 + 22/55. Let w = i - -249. What is the remainder when 188 is divided by w?
16
Let v be (13 - 1)*(8 - 38/(-4)). Suppose -2*y + 7*z - 3*z + v = 0, 375 = 4*y + z. Calculate the remainder when y is divided by 14.
11
Suppose -m + 0*d + 4*d + 6 = 0, 4*d = -5*m + 6. Suppose m*p - 73 = -0*r + 3*r, 2*r = -p + 47. Let y = p + -37. What is the remainder when y is divided by 2?
0
Let o = 180 - 128. Let l be -24 - (1 + -3 + 5). Let b = o + l. What is the remainder when b is divided by 4?
1
Suppose -5526 = 5*r + 18*r - 18981. What is the remainder when r is divided by 96?
9
Let j(y) = 11*y - 9. Let d = 68 + -67. Let z be j(d). What is the remainder when 71 is divided by z + 8*3 + -2?
23
Calculate the remainder when (-3)/(162/(-92064)) + 11 - (-2)/18 is divided by 75.
66
Let o be (-1)/(-5) - 966/30. What is the remainder when 54/(-36)*o/3 is divided by ((-2)/4)/((-4)/48)?
4
Let o = -899 + 1265. Let u = 404 - o. Calculate the remainder when u is divided by 7.
3
Let r = -377 - -393. Let b(q) = q + 2*q - 8 + 7 + 4*q**2. What is the remainder when r is divided by b(1)?
4
Let q(w) = 16*w + 29 - 4 - 18. Suppose -3*s + 40 = -2*r, -3*s + 9*r - 4*r + 46 = 0. Calculate the remainder when q(1) is divided by s.
11
Suppose -2*n = -4*m + m + 85, 5*m = 2*n + 143. Let w = 405 - 116. What is the remainder when w is divided by m?
28
Let z be (-14)/3*6 + 3/(-1). Let s = 76 + z. What is the remainder when 81 is divided by s?
36
Let q be 2382/8 - (-10)/40. Let o = q + -227. Calculate the remainder when 638 is divided by o.
70
Let c = -80 + 175. Suppose -3 = -7*s + c. What is the remainder when 164 is divided by s?
10
Let j(g) = g**3 - 2*g**2 - 2*g + 3. Let n be j(0). Suppose m = -5*l + 5*m + 432, -2*l + n*m = -177. Calculate the remainder when l is divided by 29.
26
Suppose 173*g = 302*g - 8256. What is the remainder when g is divided by 58?
6
Suppose -3*m + c + 167 - 35 = 0, -5*c - 114 = -2*m. Calculate the remainder when 1252 is divided by m.
34
Let h(n) = 3*n + 1. Let d = -28 + 31. Suppose 24 = d*b - 81. What is the remainder when b is divided by h(5)?
3
Suppose -g - 2 = -31. Suppose -g*a = -17*a - 156. Calculate the remainder when 23 is divided by a.
10
Let j = -105 - -107. Suppose j*c - 9*c = -98. Suppose -m - 84 = -4*m + 3*o, 3*m - 83 = 2*o. What is the remainder when m is divided by c?
13
Let d(u) = -12*u - 10. What is the remainder when 2198 is divided by d(-4)?
32
Let m(u) = 12*u - 103. Calculate the remainder when 166 is divided by m(11).
21
Suppose 0 = b + 7 - 37. Let x = -1332 + 1346. Calculate the remainder when ((-4164)/x)/(-2) + 152/532 is divided by b.
29
Let w(u) = u**2 + 4*u - 4667. Calculate the remainder when 2522 is divided by w(-72).
3
Let x(b) = 63*b - 103. Let i = 373 - 367. Calculate the remainder when x(i) is divided by 46.
45
Let z(s) = -s**2 - 2*s + 135. Let c be z(0). Suppose 39*i = 1698 + c. What is the remainder when 57 is divided by i?
10
Suppose -6*t + 1066 = 5*w - 7*t, -5*w = 3*t - 1062. Calculate the remainder when w is divided by 10/4*(-106)/(-5) - -1.
51
Let r(c) = -c**3 + 5*c**2 - 2*c. Let h be ((-3)/2)/(27/(-54)). What is the remainder when 81 is divided by r(h)?
9
Let n(j) = -5*j**2 - 12*j + 31. Let p be n(6). Let x = p + 308. Calculate the remainder when x is divided by 44.
43
Let b(n) = 42*n**2 - 80*n. Calculate the remainder when b(4) is divided by 14.
2
Let c(r) = 22*r - 14*r + 4*r + 8*r - 65 - 4*r. What is the remainder when c(14) is divided by 11?
5
Suppose 27*d - 2664 + 402 = -2*d. What is the remainder when 360 is divided by d?
48
Suppose -3*u - 583 = -10*u - 4*u. Calculate the remainder when 162 is divided by u.
3
Suppose -3*v - 5*w - 67 = 0, -2*v + 2*w + 0*w - 18 = 0. Let s = 44 + -13. Let y = s + v. What is the remainder when 50 is divided by y?
16
Suppose 88*m - 3240 = 1248. What is the remainder when m is divided by 4?
3
Let b be -57*40/(-24) + (-1 - 0). Suppose -3*k + b = 52. Let z = 11 - -113. Calculate the remainder when z is divided by k.
12
Suppose -2*t + 59 - 47 = 0. Suppose -9*h + 11*h - 24 = 0. What is the remainder when 6 + 19/7 + h/42 is divided by t?
3
Let z(o) = 5*o + 2*o**2 - o**2 - o**3 - 486 + 483. What is the remainder when z(-4) is divided by ((-2)/4)/(7/(-168))?
9
Suppose 4*c - 40 - 112 = 0. Let j = 45 - c. Suppose -j*s - 96 = -13*s. Calculate the remainder when 92 is divided by s.
12
Suppose -260*v + 25811 + 14822 + 12407 = 0. What is the remainder when v is divided by 68?
0
Let i = -22449 - -22594. Calculate the remainder when i is divided by 20.
5
Let h(j) = j + 2. Let q be h(-2). Suppose q*k - k + 41 = 0. Let w(l) = -l**3 - 21*l**2 - 171*l - 660. Calculate the remainder when k is divided by w(-11).
8
Suppose 4*f - 159 = 193. Let x(o) = -o**3 + 5*o**2 - 8. Suppose 112*p - 15 = 107*p. Calculate the remainder when f is divided by x(p).
8
Suppose -35 + 23 = -2*j - 4*s, 2*s - 18 = -3*j. Suppose 0 = -3*u + j - 0. What is the remainder when 15 is divided by u?
1
Suppose 30*y + 0*y = 692 - 152. What is the remainder when 501 is divided by y?
15
Suppose -f = -6*f + 80. Let v be (0 + 6/(-5))*(-460)/(-69). Let c = f + v. What is the remainder when 29 is divided by c?
5
Let r = 552 + -549. Suppose -r*x + j = -49 - 28, 3*j = 4*x - 106. Calculate the remainder when x is divided by 19.
6
Suppose 27*o = 35*o + 15864. Calculate the remainder when 112/196 + o/(-21) is divided by 60.
35
Let j be (-9 - 132/(-6)) + 9. Suppose -3*h = 4*z - 130, -4*h + 0*z - z + 169 = 0. Calculate the remainder when h is divided by j + -2 + 3 + -1.
20
Let w(n) = n**3 + 44*n**2 + 19*n + 682. Calculate the remainder when w(-43) is divided by 23.
12
Let q(f) = -43*f**3 - 2*f**2 - 1098*f - 3292. Calculate the remainder when q(-3) is divided by 399.
347
Suppose -68 = -15*b + 97. Suppose b*n = 4443 - 1198. What is the remainder when n is divided by 27?
25
Suppose 41*w - 35*w = 228. Suppose -w*f = -36*f - 20. Let j = -39 + 77. Cal